 is the hundreds digit of 68/(-68) + 1242*3/2?
8
Let y(x) = 2*x - 2*x - 2*x + 3*x. Let m(g) = -2*g - 9. Let j(h) = -m(h) - y(h). What is the tens digit of j(9)?
1
Suppose -3*a = -9, 5*d - 6*a = -3*a + 4636. What is the units digit of d?
9
Suppose -172*j + 108008 = -126*j. What is the tens digit of j?
4
Suppose 0 = -3*q + 42 - 12. Let l = 12 - q. Suppose 13 - 65 = -l*w. What is the units digit of w?
6
Let w = 717 + 539. What is the hundreds digit of w?
2
Let w be (-18)/7*(8 + -7)*-21. Suppose -3*a - 3*b = -93, 5*a + 4*b = b + 165. Suppose -3*g + w = -a. What is the tens digit of g?
3
Suppose -9*x + 12*x - 444 = 0. Suppose -x = -y - 3*y. What is the tens digit of y?
3
Let n = 172 + -168. Let y be (-4)/(-6) + (-62)/(-6). Suppose 0 = 3*g - y - n. What is the units digit of g?
5
Let n(h) = -h**2 - 8*h - 8. Let t be n(-6). What is the tens digit of 12/t + 4/((-8)/(-246))?
2
Let i(a) = -a**2 + 16*a - 8. Let b(v) = -2*v**2 + 33*v - 17. Let r(w) = 4*b(w) - 9*i(w). Let c be r(12). Suppose c*g = 94 + 22. What is the units digit of g?
9
Let r(a) = 294*a**3 + a**2 - 2*a + 1. What is the tens digit of r(1)?
9
Suppose a = -3*a + 24. Let y be ((-9)/a)/(1/(-6)). Suppose 0 = -y*k + 10*k - 11. What is the units digit of k?
1
What is the units digit of (-64 + (-28)/(-7))*(-16)/5?
2
Let f = -1933 - -4871. What is the hundreds digit of f?
9
Let m(w) = 5*w + 3*w + w - 2*w. Let q be m(6). Suppose 3*h + 3*u = q, -h + 5*u + 16 + 10 = 0. What is the units digit of h?
6
Let y = -107 + 211. Let j = -8 + y. What is the units digit of j?
6
Suppose -2 + 30 = 4*l. What is the units digit of l*(360/14)/3?
0
Let v(k) be the first derivative of -k**2 - 16*k - 11. Let j be v(-5). Let t(n) = -n**2 - 10*n + 4. What is the tens digit of t(j)?
2
Suppose -12*u = -10*u + o - 493, 230 = u - 5*o. What is the units digit of u?
5
Let u(z) = 548*z**3 - 2*z**2 - z. Let a be u(-1). Let o = -317 - a. What is the hundreds digit of o?
2
Let a(t) = t**2 + 12*t - 13. Let v be a(-13). Suppose 43*f - 42*f = v. Suppose 4*i + p - 244 = f, -5*i = -3*p - 0*p - 305. What is the tens digit of i?
6
Suppose 23*x - 5*g = 25*x - 6314, 2*x + 4*g = 6318. What is the hundreds digit of x?
1
Let y(l) = 12. Let z(d) = -d. Let f(q) = -y(q) - 4*z(q). Let b(h) = h**2 - 4*h - 3. Let p be b(6). What is the units digit of f(p)?
4
What is the units digit of (-1328670)/(-5250) + 2/(-25)?
3
Let z(k) = 2*k**3 + 43*k**2 - 134. What is the hundreds digit of z(-20)?
0
Let b(f) = 11*f**2 + 15*f - 390 + 0*f**3 - f**3 + 365. What is the hundreds digit of b(11)?
1
Suppose -2 = -5*z - 42. Let f be (2/(-3))/(z/(-36)). What is the units digit of 19/f*(-2 + -1)?
9
Let z be ((-130)/(-25))/(1/30). Suppose 6*f - 54 = z. Suppose 2*t = 3*t - f. What is the units digit of t?
5
Suppose -13 = -3*b + c, 3*b - 12 + 1 = -c. Suppose -b*m = -7*m. Suppose m = -r + 9 + 9. What is the tens digit of r?
1
Let t(c) = 2*c - 2. Let k be t(3). Let m be (-2)/8 - (-17)/k. Suppose 4*j + m*l - 64 = 0, j + 4*l = -0*l + 25. What is the units digit of j?
3
Let u = -43 - -43. Suppose -2*t + 6 = u, -4*w - 5*t + 246 = -w. What is the units digit of w?
7
Let n(i) = 3*i**3 - 12*i**2 + 9*i + 8. What is the hundreds digit of n(9)?
3
Let x(z) = 39*z - 246. What is the hundreds digit of x(12)?
2
Suppose -3*n = -3*t + 18, 0 = -6*n + 2*n - t - 34. Let i = 84 - n. What is the units digit of i?
2
Suppose 3*r = 3*u + 17742 - 3414, -r + 2*u = -4773. What is the hundreds digit of r?
7
Suppose -288 = -g + 5*m, 847 = 3*g - 4*m - 72. What is the units digit of g?
3
Let t(s) = 69*s**2 - 2*s + 1. Let c(j) = -344*j**2 + 11*j - 5. Let h(x) = 2*c(x) + 11*t(x). What is the units digit of h(1)?
2
Suppose 13*p - 10*p = i - 896, 0 = -i + 5*p + 902. What is the hundreds digit of i?
8
Let h(w) = -20*w**3 - 12*w**2 - 25*w + 1. What is the tens digit of h(-6)?
3
Let b be 105/(-30)*(-8)/14. Suppose -1029 = -5*q - 2*i, 4*q - b*i - 362 = 472. What is the tens digit of q?
0
Suppose 5*u = 4*u + 135. Suppose -3*h = u - 315. What is the tens digit of h?
6
Suppose 0 = -t - 34 - 14. What is the units digit of t*((-20)/(-12) + -3)?
4
Let d = -14 - -15. What is the tens digit of ((-6)/5)/(d/(-205))?
4
Let m = 25 - -170. Let s = m + -116. What is the tens digit of s?
7
Let p(m) = -m**2 - 12*m - 4. Let y be p(-8). Suppose -y*v + 20*v + 1600 = 0. What is the hundreds digit of v?
2
Let x = -4 - 0. Let t be (2 + -3)/(x/12). Suppose -6 - 3 = -t*a. What is the units digit of a?
3
Let m = 39 + -40. Let p(g) = 34*g**2 - 3*g - 2. What is the units digit of p(m)?
5
Let u be ((-110)/3)/(-5)*3. Let b(s) = -111 + u*s**2 + 111 - 5*s**2 + s. What is the units digit of b(-1)?
6
What is the units digit of ((-1073)/(-58))/((-3)/(-186))?
7
What is the thousands digit of 6219/5 - (-39)/195?
1
Suppose 2*f - 21 = p + 4*p, 4*f - 4*p = 24. Suppose -f*o - o = 12, -5*o - 33 = -a. Let k = a + -9. What is the units digit of k?
9
Let o(r) be the second derivative of r**4/12 + r**3 - r**2/2 + 11*r. What is the units digit of o(4)?
9
Suppose -4*v - v + 20 = 0. Let y be (-8)/(-1*v) + 0. Suppose -w = -b - y*b - 4, b = 2*w - 13. What is the units digit of w?
7
Suppose 4*q + 1 = -3. Let z be 120/(q/2*-3). What is the tens digit of ((-6)/(-4))/(6/z)?
2
Let q(h) = -h**3 - 16*h**2 - 31*h - 26. Let j be q(-14). What is the hundreds digit of (-1 + -33)/(j/(-88))?
1
Let f = 62 + -106. Let o = f - -145. Suppose -35 = 3*s - o. What is the tens digit of s?
2
Suppose 21*r + 550 = 6619. What is the hundreds digit of r?
2
Suppose -3*a + 6*j - 3*j = -6096, 0 = -6*a + 2*j + 12184. What is the units digit of a?
0
Let g = -30 + 84. What is the tens digit of g?
5
Let a = 807 + -419. What is the hundreds digit of a?
3
What is the tens digit of -1*5 - 388*(-21)/12?
7
Suppose 0 = -b + d - 3*d, -3*b - 4*d = -2. Let q(r) = 4 + r**2 - b + 14*r + 1. What is the units digit of q(-14)?
3
Suppose -7 = 2*k - 9*k. Let j = k + 89. Suppose 3*m - 5*m = -j. What is the units digit of m?
5
What is the tens digit of (31/(-5))/(-7*5/6475)?
4
What is the hundreds digit of -5 - (69/(-6))/((-20)/(-2360))?
3
Suppose -4*k - 45 = -1801. What is the units digit of k?
9
Suppose -186*t - 167526 = -227*t. What is the tens digit of t?
8
Suppose -8 = -n - m, -23 + 8 = -5*m. Suppose 0 = -p - n - 13. Let o = p + 21. What is the units digit of o?
3
Let s = -98 - -169. Suppose 0 = -5*w + 609 + s. What is the tens digit of w?
3
Let f(c) = -58*c + 539. What is the units digit of f(-14)?
1
Let h be 4 + (-4)/1 + 274. Suppose h = 3*m + 40. What is the tens digit of m?
7
Let a(q) = q**2 + 10*q - 6. Let s be a(-9). Let n = s - -17. What is the tens digit of 0 - -3 - (n + -31)?
3
Let o be 24/(-9)*6/4. Let h(p) be the second derivative of p**5/20 + p**4/2 + p**3/2 - 3*p**2/2 + 6*p. What is the tens digit of h(o)?
1
Suppose i - 2*i + 5 = 0. Let t(n) = n**3 - 6*n**2 + 5*n + 4. Let w be t(i). Suppose 98 = w*k - 2*k. What is the units digit of k?
9
What is the tens digit of (-5)/(80/(-1844))*4?
6
Suppose -4*h - 5014 - 8516 = -3*q, 4*h = -q + 4494. What is the units digit of q?
6
Let k(n) = 109*n**2 - 3*n - 1. Let g = 67 - 66. What is the units digit of k(g)?
5
Suppose 2478 = 10*y + 4*y. What is the units digit of y?
7
Suppose 5*a - 450 + 150 = 0. Suppose -5*y - a = -0*y. What is the units digit of y/(-20) - 651/(-15)?
4
Suppose -8*w - 116 = -6*w. What is the tens digit of -4 - (-11 - -4) - w?
6
Suppose -9*q + 3*q = -12. Suppose 44 = q*w - 0*w - 2*k, -5*w + 119 = -2*k. What is the units digit of w?
5
Suppose 0 = -5*k + 2*z + 1267, -3*k - 2*z - 1012 = -7*k. What is the tens digit of k?
5
Let w = -13 - -15. Suppose 0 = -t + w + 3. Suppose -3*a - 44 = -t*a. What is the tens digit of a?
2
Let t(g) = -28*g**3 - 8*g**2 - 25*g + 5. What is the hundreds digit of t(-5)?
4
Let p(y) = y**3 - 11*y**2 + 18*y - 20. Let f be p(9). Let d(t) = -t**3 - 18*t**2 + 26*t - 60. What is the hundreds digit of d(f)?
2
Let x be ((-4)/(-6))/(4*4/(-1416)). Let z = x + 191. What is the tens digit of z?
3
Let i(h) = h + 3. Let w be i(-3). Suppose w = 2*z - 54 + 10. What is the tens digit of z?
2
Let v(q) = -6*q**2 + 3 - 22 - 2*q - 3*q**2 + 3*q**3 - 2*q**3. What is the units digit of v(10)?
1
Let k = -65 + 60. Let x(f) = 1 + 6 - 3*f - 2. What is the units digit of x(k)?
0
Suppose 153 = o + 4*s, -3*o + 2*s = -452 + 21. What is the un